s f(-27)?
14
Let l(f) = -3*f**3 - 528*f**2 - 17426*f - 86. What is l(-44)?
2
Let n(b) = -2*b**3 - 70*b**2 - 472*b + 2545. Calculate n(-20).
-15
Let k(s) = 2*s**3 - 664*s**2 + 13058*s + 1245. Determine k(311).
1
Let z(v) = -2*v**3 + 83*v**2 - 42*v + 119. What is z(41)?
78
Let i(b) = b**3 - 44*b**2 - 38586*b + 1949672. Give i(51).
-7
Let a(i) = 4380*i - 1695045. Calculate a(387).
15
Let g(s) = -1277*s**3 + 5*s**2 - 99*s - 98. Give g(-1).
1283
Let s(z) = 2*z**3 - 158*z**2 - 173*z + 249. Give s(80).
-791
Let p(g) = 2*g**2 + 511*g - 37854. Calculate p(60).
6
Let h(c) = 3*c**3 + 18*c**2 - 361*c - 2344. Determine h(-7).
36
Let d(g) = 3*g**3 + 340*g**2 - 549*g + 2944. Calculate d(-115).
-46
Let v(c) = 2*c**2 - 24850*c - 1950481. What is v(-78)?
-13
Let a(d) = -4*d**2 + 885*d - 6023. Determine a(7).
-24
Let n(y) = 11*y**2 - 1040*y - 2093. What is n(-2)?
31
Let z(w) = 813*w - 7947. Give z(10).
183
Let z(h) = -7*h**2 - 32044*h - 64070. Determine z(-2).
-10
Let g(w) = 23*w**2 - 5392*w + 5390. Determine g(1).
21
Let c(x) = -16590*x - 381616. Give c(-23).
-46
Let r(j) = j**3 + 360*j**2 + 1764*j - 3957. What is r(-355)?
-52
Let b(h) = h**3 + 1972*h**2 + 11787*h - 84. Determine b(-6).
-30
Let k(q) = -2582*q + 56817. Give k(22).
13
Let d(w) = -3*w**3 - 65*w**2 - 243*w - 47. Determine d(-16).
-511
Let y(r) = 37708*r - 37912. What is y(1)?
-204
Let c(v) = -2*v**2 - 26810*v - 187537. Give c(-7).
35
Let h(b) = 8813*b - 8729. Calculate h(1).
84
Let t(b) = 9*b**3 - 218*b**2 + 440*b - 1. Calculate t(2).
79
Let g(c) = -27*c**3 - 297*c**2 + 5*c + 62. Give g(-11).
7
Let s(g) = -g**2 - 3337*g + 20234. Determine s(6).
176
Let v(z) = -633*z - 408917. Calculate v(-646).
1
Let r(y) = -3*y**2 - 853*y - 32269. Give r(-45).
41
Let y(v) = -42*v**3 + 10*v**2 - 19*v - 28. Give y(-1).
43
Let s(r) = -1617*r - 8466. Give s(-5).
-381
Let s(i) = 93*i - 1901. Calculate s(25).
424
Let f(i) = 23*i + 2819. Give f(-97).
588
Let m(y) = -61762*y + 185281. What is m(3)?
-5
Let b(v) = v**3 - 31*v**2 + 800*v - 4427. Determine b(7).
-3
Let x(v) = -1598*v - 7972. Determine x(-5).
18
Let g(b) = -3*b**2 - 96*b + 2186. Calculate g(26).
-2338
Let s(q) = 2*q**2 - 146927*q + 2644028. Give s(18).
-10
Let h(b) = 14499*b + 86936. Give h(-6).
-58
Let a(f) = f**2 - 129*f - 9135. Give a(180).
45
Let h(v) = 2*v**2 - 15896*v + 111191. Give h(7).
17
Let l(f) = -34586*f + 2455621. Give l(71).
15
Let o(d) = 839*d - 666161. Calculate o(794).
5
Let x(c) = -4*c**2 - 7567*c + 91376. Give x(12).
-4
Let r(h) = 883*h + 837. Give r(-1).
-46
Let l(c) = -3*c**3 + 214*c**2 - 1414*c + 427. What is l(64)?
43
Let b(f) = 1275*f - 63745. Determine b(50).
5
Let t(g) = g**3 + 147*g**2 - 380*g - 34345. Give t(-148).
-9
Let d(f) = f**3 - 65*f**2 + 108*f - 34. Give d(0).
-34
Let y(m) = -m**3 + 218*m**2 - 5157*m + 88. Give y(191).
88
Let h(n) = -62777*n + 627773. Give h(10).
3
Let b(x) = -5346*x - 58805. Determine b(-11).
1
Let i(h) = -h**3 - 13*h**2 - 11*h - 279. What is i(-10)?
-469
Let i(j) = -j**3 - 245*j**2 - 2556*j + 693. Calculate i(-234).
-3519
Let u(a) = 2*a**3 - 34*a**2 - 20*a + 821. Give u(16).
-11
Let x(f) = -420*f**2 + 1239*f + 18. Determine x(3).
-45
Let t(n) = -n**3 - 8*n**2 + 922*n + 3753. Calculate t(-4).
1
Let c(i) = i**2 - 138305*i - 7056162. Determine c(-51).
-6
Let l(b) = -b**3 - 17*b**2 + 13185*b + 185121. Determine l(-14).
-57
Let v(x) = -x**3 + 159*x**2 - 478*x + 842. What is v(156)?
-718
Let x(l) = 2*l**2 - 296336*l + 1185311. What is x(4)?
-1
Let h(z) = 6*z**3 + 604*z**2 - 923*z - 72823. Determine h(-101).
-2
Let u(g) = g**3 - 54*g**2 - 1868*g - 9139. Give u(-19).
0
Let k(y) = 8*y**2 - 938*y + 602. Determine k(117).
368
Let q(k) = 56*k**2 + 248*k - 1182. Determine q(6).
2322
Let p(a) = a**2 + 529*a + 36657. Give p(-447).
3
Let i(a) = -a**3 + 86*a**2 + 125*a + 4279. Give i(88).
-209
Let r(m) = m**2 - 306*m + 7056. Calculate r(25).
31
Let d(o) = -3*o**2 + 1063*o + 37344. Calculate d(-32).
256
Let f(u) = -12*u**2 - 28841*u + 523023. What is f(18)?
-3
Let c(t) = t**2 - 423*t + 36274. Calculate c(123).
-626
Let m(r) = -r**3 - 107*r**2 + 3000*r + 1188. Give m(-130).
-112
Let m(n) = -2*n**2 + 2310*n + 49395. What is m(-21)?
3
Let c(v) = 8*v**2 - 28*v + 2090. Determine c(0).
2090
Let d(h) = 3*h**2 - 978*h - 3948. Determine d(330).
12
Let w(v) = 1418*v - 211418. What is w(149)?
-136
Let p(a) = 9*a**2 - 2052*a + 2081. Give p(227).
38
Let m(y) = -10*y**2 - 287*y + 6746. Determine m(-44).
14
Let q(u) = -u**3 + 157*u**2 - 2502*u + 224. Determine q(139).
224
Let c(l) = -4*l**2 - 6047*l + 64. What is c(0)?
64
Let z(m) = -5*m + 455. Determine z(102).
-55
Let r(z) = 442*z - 287. Determine r(1).
155
Let k(u) = u**3 + 263*u**2 + 3016*u - 178. Determine k(-251).
-1182
Let i(g) = -6*g**2 + 50372*g - 201478. Calculate i(4).
-86
Let n(k) = k**3 - 329*k**2 - 2258*k + 742889. Calculate n(329).
7
Let c(y) = -y**3 - 2037*y**2 - 188179*y + 104. What is c(-97)?
7
Let r(n) = 11*n**3 + 13*n**2 - 65*n + 41. Calculate r(3).
260
Let g(b) = -113*b**2 + 1015*b + 15. What is g(9)?
-3
Let d(r) = 2745*r - 35669. Calculate d(13).
16
Let n(w) = 329*w - 2524. Determine n(10).
766
Let l(o) = -o**3 - 222*o**2 + 37407*o + 83. Calculate l(112).
-29
Let n(q) = -4*q**2 + 112*q - 2975. Give n(29).
-3091
Let p(m) = 2*m**3 + 11*m**2 - 123*m - 733. Give p(-7).
-19
Let y(b) = 7*b**2 - 4561*b + 31569. Give y(7).
-15
Let v(m) = m**2 - 14928*m - 74646. Calculate v(-5).
19
Let q(d) = 2*d**3 + 222*d**2 + 5970*d + 7303. Calculate q(-42).
-5
Let n(f) = 2*f**3 - 612*f**2 - 14434*f + 533. Determine n(328).
-123
Let f(y) = -126*y**2 + 1459*y + 1454. What is f(-1)?
-131
Let u(c) = 1040*c + 537558. Calculate u(-517).
-122
Let b(u) = 18411*u - 20252112. Calculate b(1100).
-12
Let t(j) = -818*j + 1114. What is t(2)?
-522
Let h(y) = 486*y - 4575. Calculate h(10).
285
Let f(p) = -p**2 + 5308*p - 116308. Calculate f(22).
-16
Let u(n) = -1131*n**2 + 37325*n + 35. Determine u(33).
101
Let j(i) = -i**3 - 25*i**2 - 846*i - 9130. Determine j(-13).
-160
Let f(x) = -151*x**3 - 4982*x**2 + 43*x + 333. Calculate f(-33).
3
Let y(a) = 186*a + 17279. Give y(-89).
725
Let z(r) = -164*r**2 - 1632*r + 124. Give z(-10).
44
Let i(g) = -69*g**3 - 1796*g**2 - 46*g + 149. What is i(-26)?
-7
Let k(o) = -187*o + 20937. What is k(110)?
367
Let u(o) = 52108*o + 104194. Determine u(-2).
-22
Let b(s) = -33*s**2 + 16422*s + 55603. Give b(501).
-8
Let i(j) = -j**3 - 27*j**2 + 508*j - 412. Calculate i(-40).
68
Let r(l) = -l**3 - 36*l**2 + 19113*l + 825469. Give r(-44).
-15
Let b(a) = 10467*a - 21962. Determine b(2).
-1028
Let p(c) = -3*c**3 - 31*c**2 + 408*c + 36. Determine p(-18).
144
Let c(a) = -22780*a - 193. Determine c(0).
-193
Let f(g) = 86*g**2 + 11349*g - 411. Give f(-132).
-15
Let i(h) = 27980*h - 83935. Give i(3).
5
Let z(q) = -12196*q - 1146435. Give z(-94).
-11
Let p(d) = -215*d**2 - 25152*d + 249. Calculate p(-117).
-102
Let p(v) = -3*v**2 + 1382*v + 9625. What is p(-7)?
-196
Let k(i) = i**3 - 54*i**2 + 223*i - 11500. Calculate k(54).
542
Let h(b) = 19*b**2 - 741*b + 1403. Calculate h(37).
-3
Let p(a) = -175*a**2 + 8865*a + 3059. Calculate p(51).
-1
Let x(z) = -270*z + 15658. Calculate x(45).
3508
Let o(l) = -4*l - 356. Calculate o(-111).
88
Let w(x) = -x**3 + 3521*x + 28040. Calculate w(-8).
384
Let q(b) = -b**2 + 68*b + 1668. What is q(-21)?
-201
Let w(v) = v**3 - 371*v**2 - 34028*v + 24948. Give w(447).
-84
Let t(h) = 10670*h + 938966. Determine t(-88).
6
Let b(r) = -17*r**3 - 20*r**2 + 169*r - 148. Calculate b(1).
-16
Let c(z) = -z**2 + 556*z - 28896. Calculate c(58).
-12
Let o(f) = 17*f**2 + 159*f + 777. Calculate o(-7).
497
Let s(d) = -722341*d + 4334043. Give s(6).
-3
Let j(n) = n**3 - 24*n**2 + 146*n - 426. Determine j(8).
-282
Let q(d) = -d**2 + 431*d - 17596. Determine q(51).
1784
Let b(w) = -5*w**3 + 221*w**2 - 77*w + 116. Calculate b(44).
-1336
Let m(h) = -6662*h - 6712. Give m(-1).
-50
Let y(o) = -2645821*o - 10583285. What is y(-4)?
-1
Let a(b) = 2759*b + 102095. Determine a(-37).
12
Let b(x) = 37*x**2 - 375*x - 32162. Give b(35).
38
Let r(a) = 21329*a - 4415103. Determine r(207).
0
Let u(i) = i**3 + 64*i**2 + 226*i + 6331. Calculate u(-62).
7
Let g(f) = -8441*f - 16514. Determine g(-2).
368
Let v(r) = 8605*r - 181237. Calculate v(21).
-532
Let k(x) = -52*x**2 - 9850*x + 5723